t b(k) = 2*k**2 + 8*k + 7. Calculate the remainder when b(-6) is divided by 17.
14
Let y = 20 + -9. Calculate the remainder when 64 is divided by y.
9
Let w = 85 - 68. Calculate the remainder when 83 is divided by w.
15
Suppose -t - 130 = -4*d, -2*d - d - 4*t + 107 = 0. What is the remainder when d is divided by 12?
9
Suppose -3*s - 3*b = -4*b - 141, -2*s + 86 = 2*b. What is the remainder when 182 is divided by s?
44
Suppose 5*j - 110 = 20. What is the remainder when 50 is divided by j?
24
Let b = -68 - -87. What is the remainder when 54 is divided by b?
16
Suppose 0 = 3*t - 4*t + 8. Suppose h - 2*h = -t. What is the remainder when h is divided by 5?
3
Let l(a) = -a**2 + 10*a + 4. Let m = -8 - -19. Calculate the remainder when l(8) is divided by m.
9
Let w(n) = 97*n**2 - 2*n + 1. Let m be w(1). Suppose -5*c = -c - m. Calculate the remainder when 71 is divided by c.
23
Let z = 22 - -11. Calculate the remainder when 98 is divided by z.
32
Suppose -7 = -2*q + 59. Let d = -22 + q. Calculate the remainder when 21 is divided by d.
10
Let w(y) = 6*y - 3. Let t be w(3). Let c = t - 5. What is the remainder when c is divided by 4?
2
Let s be 42/(-1)*(2 + -3). Suppose -2*m - 5*o + 0*o + s = 0, 0 = 4*m - 3*o - 32. Suppose 5*h - 21 - 9 = 0. What is the remainder when m is divided by h?
5
Suppose 0*h - 15 = -h - w, 3*h = 3*w + 51. Calculate the remainder when 47 is divided by h.
15
Suppose 13 = 4*f - 3. Let p(o) = -o**2 + 2*o + 1. Let s be p(2). Let k = 1 + s. Calculate the remainder when f is divided by k.
0
Let w(u) = 2*u**3 + u**2 - 4*u - 1. What is the remainder when 29 is divided by w(2)?
7
Let x = -17 + 41. Suppose 5*k = -2*u + x, -3*k - 3*u - 15 = -4*k. Let m = k + 2. What is the remainder when 14 is divided by m?
6
Suppose 7*a = 2*a + 165. What is the remainder when 64 is divided by a?
31
Let l(m) = 4*m - 4. Let q(r) = 47*r**2 + r + 1. What is the remainder when q(-1) is divided by l(4)?
11
Let p be (-1 - 0)/((-1)/(-3)). Let b = 9 - p. Let g(f) = -f**3 + 9*f**2 - 4*f + 2. What is the remainder when g(8) is divided by b?
10
Let g(m) = -5*m**3 + m**2 - 1. Let n be g(-1). Suppose p - n = 1. Let j = p - -12. Calculate the remainder when 34 is divided by j.
16
Suppose 36 + 10 = 2*z. Calculate the remainder when 43 is divided by z.
20
Suppose 0*f - 8*f = -176. Calculate the remainder when 31 is divided by f.
9
Let u(v) = -2*v + 2. Let z(m) = -2*m**3 - m**2 + 4*m - 4. Let s be z(2). Calculate the remainder when u(-6) is divided by 2/((-4)/s*1).
6
Suppose 2*h - 3*b = 232, 4*b + 71 = 2*h - 159. Suppose 0 = -3*r - 26 + h. Suppose -5*n + 54 = -1. What is the remainder when r is divided by n?
9
Let a = -37 + 102. Let t(w) = -12*w + 1. Let h be t(-8). Suppose -5*p + h = -13. What is the remainder when a is divided by p?
21
Let u(l) = l**3 + 5*l**2 + 3*l - 1. Let y be u(-4). Suppose -41 = -y*r - 8. What is the remainder when r is divided by 7?
4
Let s(r) be the first derivative of 2*r**3/3 - 5*r**2/2 + 3*r - 1. Let j = -390 - -394. What is the remainder when s(4) is divided by j?
3
Let o = -4 + 2. Calculate the remainder when -4 - o - (-32 - -7) is divided by 13.
10
Suppose 0 = -2*u - 2*u + 44. Calculate the remainder when 21 is divided by u.
10
Let x(j) = 2*j - 9. Let c = 8 + -1. What is the remainder when 14 is divided by x(c)?
4
Suppose -5*j - 5*p = -245, j - 68 = 5*p - 7. Let v = j - 33. Suppose 0 = 5*q - 20, -g + v = g + q. What is the remainder when 20 is divided by g?
6
Suppose 0 = v + 2*v - 765. What is the remainder when 37 is divided by v/20 + 2/8?
11
Let h = -25 - -35. Calculate the remainder when h is divided by (-1)/(-2) - (-28)/8.
2
Let r = -11 - -5. Suppose 0 = -3*q + 6 + 33. Let m = q + r. Calculate the remainder when 19 is divided by m.
5
Let j = 8 + 10. What is the remainder when j is divided by 6?
0
Let t(y) = y**2 - 4*y - 7. Let u be t(6). Suppose 20 = -u*w, w - 86 = -2*l + 2*w. Calculate the remainder when l is divided by 11.
8
Let a = 8 - 12. Let i = 36 + a. Let d(l) = 10*l**2 + l + 2. What is the remainder when i is divided by d(-1)?
10
Let b = 53 - 33. What is the remainder when 36 is divided by b?
16
Let t = -3 + 8. Suppose 0 = -3*x - t*q + 11, 4*x - q = -0*q + 30. What is the remainder when x is divided by 3?
1
Suppose 4*b = 3*k - 27 + 70, 3*k = -3*b + 27. Calculate the remainder when 29 is divided by b.
9
Suppose 5*a = -5*r - 25, 0 = 3*r + 2*r - 5*a - 25. Suppose -3*w + n = -r*w - 40, -5*w + 44 = 4*n. What is the remainder when 47 is divided by w?
11
Suppose -2*z + 4*t = 4, z + 4*t = -0*t + 16. Suppose -5*y + 2 = -3*k, 3*y + 12 = -2*k - 2. What is the remainder when z is divided by (-1)/y + (-15)/(-10)?
0
Let q(z) = -15*z + 2. Calculate the remainder when q(-2) is divided by (3/(-1) + 63/12)*4.
5
Let w(s) be the third derivative of -7*s**5/60 + s**3/6 - s**2. Let h be w(1). Let m(j) = -j**2 - 8*j - 9. Calculate the remainder when 7 is divided by m(h).
1
Suppose 2*l = 4*n - 30, 5*n - 5*l - 33 = -4*l. Calculate the remainder when 22 is divided by n.
4
Let a(v) = -v**3 + 5*v**2 + 6*v. Let j be a(7). Let h = 117 + j. What is the remainder when h is divided by 21?
19
Let q be 4*(3/2 - 1). Let m(k) = -k**3 + 5*k**2 + 6*k - 6. Calculate the remainder when q/(-1)*423/(-18) is divided by m(5).
23
Let l be (4 - -2)*40/6. Suppose -4*z + 9*z = l. Calculate the remainder when z is divided by 3.
2
Let q(r) = r**2 + 6*r + 4. Calculate the remainder when 19 is divided by q(-6).
3
Suppose 0 = -4*n + 3*n + 3*t + 23, -4 = 2*n + 4*t. What is the remainder when 101 is divided by n?
5
Suppose 29 = 6*k - 25. Calculate the remainder when 17 is divided by k.
8
Let h(g) = g + 64. What is the remainder when h(-14) is divided by 27?
23
Suppose -5*t + 37 = 7. Let v = 16 - 5. Calculate the remainder when v is divided by t.
5
Suppose 0 = 4*w + 2*u - 88, 3*w - 11 - 55 = 5*u. Calculate the remainder when 126 is divided by w.
16
Suppose -4*c = 5*r - 150, -4*c - 84 + 226 = r. What is the remainder when c is divided by 13?
9
Let v = -5 - -8. Suppose -2 = 3*c + 2*a - 35, 0 = -5*c - 3*a + 56. What is the remainder when (-2)/(-1*v/36) is divided by c?
11
Suppose 2*z = 9 + 1. Suppose z*a - 3*a = 4. Suppose -45 = -3*u + 3*v, 0*u + 49 = 3*u - a*v. What is the remainder when 36 is divided by u?
17
Let a(z) = -z**3 - 3*z**2 - 4*z - 3. Let y be a(-2). Suppose -n + y = -0. What is the remainder when 3 is divided by n?
0
Let w = 15 - 10. Let v(k) = k**2 + 4*k + 4. Calculate the remainder when w is divided by v(-4).
1
What is the remainder when 119 is divided by (62/6)/(-1)*(-30 + 27)?
26
Suppose k = -k + 5*i + 19, k = i + 5. Let p(w) = -w + 10. Calculate the remainder when p(8) is divided by k.
0
Let f = 10 + 50. Suppose h + f = 6*h - 5*x, -34 = -2*h + 4*x. Let d = -40 - -58. Calculate the remainder when d is divided by h.
4
Let k(o) = o**2 - 11*o - 55. What is the remainder when 12 is divided by k(15)?
2
Suppose 2*z = 4*i + 76, 4*z - i + 56 = 6*z. What is the remainder when z is divided by 16?
14
Suppose 3*j + 3*g = 9, -j + 4*g + 10 = -3. Suppose 0*i - j*i + 45 = 0. Let r(n) = n + 1. What is the remainder when i is divided by r(4)?
4
Let l = -11 + 19. Let a = l + -3. What is the remainder when a is divided by 3?
2
Suppose -3*p = -5*y - 79, 2*p - 31 = p + 4*y. Let h(i) = -6*i. Let s be h(2). What is the remainder when p is divided by 10/(-3)*s/5?
7
Let u = 71 - 38. Calculate the remainder when 163 is divided by u.
31
Let j(v) = v**2 - 4*v - 8. Let n be j(8). Suppose -6*y + 30 = -n. Calculate the remainder when 15 is divided by y.
6
Suppose -5*k = -17 - 493. What is the remainder when k is divided by 15?
12
Let b = -4 - -12. Suppose 3*z + 4*s - 5 = -2, 3*z + 2*s = 9. Calculate the remainder when (b + -9)/(1/(-13)) is divided by z.
3
Suppose v - 12 = -3*i - 2, -4*v = i - 40. Let p = -21 + v. Calculate the remainder when p*(-3 + 0)/1 is divided by 9.
6
Let u = -183 - -268. What is the remainder when u is divided by 29?
27
Suppose 4*j + j = 130. Suppose 2 = 2*t - j. Calculate the remainder when 54 is divided by t.
12
Suppose -144 = -12*l + 468. Calculate the remainder when 98 is divided by l.
47
Let p = -5 + 6. Suppose -4*d - v = -19, -3*v - v = d - p. Calculate the remainder when d is divided by 3.
2
Let j = 5 + 11. Let g(q) = q - 12. Let t be g(0). Let x = -6 - t. What is the re